{"id":7,"date":"2017-09-28T08:11:32","date_gmt":"2017-09-28T08:11:32","guid":{"rendered":"http:\/\/estampadosprato.com\/?page_id=7"},"modified":"2018-12-20T12:23:18","modified_gmt":"2018-12-20T12:23:18","slug":"servicios","status":"publish","type":"page","link":"http:\/\/estampadosprato.com\/?page_id=7","title":{"rendered":"Servicios"},"content":{"rendered":"<h2 style=\"text-align: center;\">ESTAMPACI\u00d3N DIGITAL<\/h2>\n<p>Estampados Prato dispone de la tecnolog\u00eda m\u00e1s avanzada del mercado en estampaci\u00f3n digital. Estas m\u00e1quinas ofrecen la posibilidad de estampar, en anchos desde 140 hasta 330 cm., cualquier tipo de tejido, en tiradas cortas y personalizadas para cada cliente, permitiendo a estos reducir el stock en sus almacenes<\/p>\n<p><img loading=\"lazy\" decoding=\"async\" class=\" wp-image-397 aligncenter\" src=\"http:\/\/estampadosprato.com\/wp-content\/uploads\/2018\/12\/MG_3940-1-300x200.jpg\" alt=\"\" width=\"359\" height=\"239\" srcset=\"http:\/\/estampadosprato.com\/wp-content\/uploads\/2018\/12\/MG_3940-1-300x200.jpg 300w, http:\/\/estampadosprato.com\/wp-content\/uploads\/2018\/12\/MG_3940-1-768x512.jpg 768w, http:\/\/estampadosprato.com\/wp-content\/uploads\/2018\/12\/MG_3940-1-1024x683.jpg 1024w, http:\/\/estampadosprato.com\/wp-content\/uploads\/2018\/12\/MG_3940-1-624x416.jpg 624w\" sizes=\"auto, (max-width: 359px) 100vw, 359px\" \/><\/p>\n<h2 style=\"text-align: center;\">ESTAMPACI\u00d3N ROTATIVA<\/h2>\n<p>La empresa dispone de m\u00e1quinas rotativas de estampaci\u00f3n con sus correspondientes procesos de secado y fijado de color. Esta tecnolog\u00eda permite estampar distintos tama\u00f1os de rapport, realizar cualquier dibujo con las medidas estandarizadas, as\u00ed como utilizar cualquier tipo de colorante del mercado, ya sea pigmentos, reactivos, dispersos, y sobre todo tipo de tejido.<img loading=\"lazy\" decoding=\"async\" class=\" wp-image-387 aligncenter\" src=\"http:\/\/estampadosprato.com\/wp-content\/uploads\/2018\/12\/MG_3865-200x300.jpg\" alt=\"\" width=\"361\" height=\"542\" srcset=\"http:\/\/estampadosprato.com\/wp-content\/uploads\/2018\/12\/MG_3865-200x300.jpg 200w, http:\/\/estampadosprato.com\/wp-content\/uploads\/2018\/12\/MG_3865-768x1152.jpg 768w, http:\/\/estampadosprato.com\/wp-content\/uploads\/2018\/12\/MG_3865-683x1024.jpg 683w, http:\/\/estampadosprato.com\/wp-content\/uploads\/2018\/12\/MG_3865-624x936.jpg 624w\" sizes=\"auto, (max-width: 361px) 100vw, 361px\" \/><\/p>\n<h2 style=\"text-align: center;\">TINTURA<\/h2>\n<p>Estampados Prato dispone de jiggers (de presi\u00f3n y atmosf\u00e9ricos), autoclaves y diversas m\u00e1quinas de tintura en cuerda\u00a0que son utilizadas para llevar a cabo el m\u00e1s alto rendimiento en el tintado de los diferentes tejidos y ofrecer a nuestros clientes una amplia gama de colores de la m\u00e1xima calidad.<\/p>\n<h2 style=\"text-align: center;\"><img loading=\"lazy\" decoding=\"async\" class=\"size-full wp-image-72 aligncenter\" src=\"http:\/\/estampadosprato.com\/wp-content\/uploads\/2017\/09\/pipet.jpg\" alt=\"\" width=\"500\" height=\"333\" srcset=\"http:\/\/estampadosprato.com\/wp-content\/uploads\/2017\/09\/pipet.jpg 500w, http:\/\/estampadosprato.com\/wp-content\/uploads\/2017\/09\/pipet-300x200.jpg 300w\" sizes=\"auto, (max-width: 500px) 100vw, 500px\" \/><img loading=\"lazy\" decoding=\"async\" class=\"wp-image-71 aligncenter\" src=\"http:\/\/estampadosprato.com\/wp-content\/uploads\/2017\/09\/jigers-e1507633855300.jpg\" alt=\"\" width=\"498\" height=\"296\" srcset=\"http:\/\/estampadosprato.com\/wp-content\/uploads\/2017\/09\/jigers-e1507633855300.jpg 497w, http:\/\/estampadosprato.com\/wp-content\/uploads\/2017\/09\/jigers-e1507633855300-300x178.jpg 300w\" sizes=\"auto, (max-width: 498px) 100vw, 498px\" \/><\/h2>\n<h2 style=\"text-align: center;\">ACABADOS<\/h2>\n<p>Contamos con todo tipo de maquinaria para conseguir cualquier acabado. Disponemos de Tumbler a la continua, termofijadoras, calandras, etc\u2026 Con todo ello conseguimos el acabado m\u00e1s exigente para un mercado cada vez m\u00e1s competitivo en el sector textil.<\/p>\n<p><img loading=\"lazy\" decoding=\"async\" class=\" wp-image-395 aligncenter\" src=\"http:\/\/estampadosprato.com\/wp-content\/uploads\/2018\/12\/MG_3923-1-300x198.jpg\" alt=\"\" width=\"506\" height=\"334\" srcset=\"http:\/\/estampadosprato.com\/wp-content\/uploads\/2018\/12\/MG_3923-1-300x198.jpg 300w, http:\/\/estampadosprato.com\/wp-content\/uploads\/2018\/12\/MG_3923-1-768x508.jpg 768w, http:\/\/estampadosprato.com\/wp-content\/uploads\/2018\/12\/MG_3923-1-1024x677.jpg 1024w, http:\/\/estampadosprato.com\/wp-content\/uploads\/2018\/12\/MG_3923-1-624x413.jpg 624w\" sizes=\"auto, (max-width: 506px) 100vw, 506px\" \/><\/p>\n<p>&nbsp;<\/p>\n<p><img loading=\"lazy\" decoding=\"async\" class=\"wp-image-391 aligncenter\" src=\"http:\/\/estampadosprato.com\/wp-content\/uploads\/2018\/12\/MG_3928-245x300.jpg\" alt=\"\" width=\"306\" height=\"375\" srcset=\"http:\/\/estampadosprato.com\/wp-content\/uploads\/2018\/12\/MG_3928-245x300.jpg 245w, http:\/\/estampadosprato.com\/wp-content\/uploads\/2018\/12\/MG_3928-768x939.jpg 768w, http:\/\/estampadosprato.com\/wp-content\/uploads\/2018\/12\/MG_3928-838x1024.jpg 838w, http:\/\/estampadosprato.com\/wp-content\/uploads\/2018\/12\/MG_3928-624x763.jpg 624w\" sizes=\"auto, (max-width: 306px) 100vw, 306px\" \/><\/p>\n<h2 style=\"text-align: center;\">CONTROL DE CALIDAD<\/h2>\n<p>Una vez terminado el proceso de producci\u00f3n, el tejido pasa por la secci\u00f3n de control de calidad donde se realiza una \u00faltima y definitiva comprobaci\u00f3n del acabado del producto. Este control certifica la calidad de nuestro sistema de fabricaci\u00f3n y permite realizar la presentaci\u00f3n de los tejidos con las especificaciones marcadas por\u00a0cada cliente.<img loading=\"lazy\" decoding=\"async\" class=\" wp-image-389 aligncenter\" src=\"http:\/\/estampadosprato.com\/wp-content\/uploads\/2018\/12\/MG_3886-300x200.jpg\" alt=\"\" width=\"500\" height=\"334\" srcset=\"http:\/\/estampadosprato.com\/wp-content\/uploads\/2018\/12\/MG_3886-300x200.jpg 300w, http:\/\/estampadosprato.com\/wp-content\/uploads\/2018\/12\/MG_3886-768x512.jpg 768w, http:\/\/estampadosprato.com\/wp-content\/uploads\/2018\/12\/MG_3886-1024x683.jpg 1024w, http:\/\/estampadosprato.com\/wp-content\/uploads\/2018\/12\/MG_3886-624x416.jpg 624w\" sizes=\"auto, (max-width: 500px) 100vw, 500px\" \/><img loading=\"lazy\" decoding=\"async\" class=\"size-full wp-image-74 aligncenter\" src=\"http:\/\/estampadosprato.com\/wp-content\/uploads\/2017\/09\/roll.jpg\" alt=\"\" width=\"500\" height=\"333\" srcset=\"http:\/\/estampadosprato.com\/wp-content\/uploads\/2017\/09\/roll.jpg 500w, http:\/\/estampadosprato.com\/wp-content\/uploads\/2017\/09\/roll-300x200.jpg 300w\" sizes=\"auto, (max-width: 500px) 100vw, 500px\" \/><\/p>\n<h2 style=\"text-align: center;\">DISE\u00d1O<\/h2>\n<p>El departamento de dise\u00f1o est\u00e1 compuesto por un grupo de profesionales titulados en dise\u00f1o textil, quienes tienen a su disposici\u00f3n los equipos y programas profesionales m\u00e1s punteros en el tratamiento de la imagen.<\/p>\n<p style=\"text-align: center;\"><img loading=\"lazy\" decoding=\"async\" class=\"alignnone wp-image-403\" src=\"http:\/\/estampadosprato.com\/wp-content\/uploads\/2018\/12\/20170506-043-300x200.jpg\" alt=\"\" width=\"498\" height=\"332\" srcset=\"http:\/\/estampadosprato.com\/wp-content\/uploads\/2018\/12\/20170506-043-300x200.jpg 300w, http:\/\/estampadosprato.com\/wp-content\/uploads\/2018\/12\/20170506-043-768x512.jpg 768w, http:\/\/estampadosprato.com\/wp-content\/uploads\/2018\/12\/20170506-043-1024x683.jpg 1024w, http:\/\/estampadosprato.com\/wp-content\/uploads\/2018\/12\/20170506-043-624x416.jpg 624w\" sizes=\"auto, (max-width: 498px) 100vw, 498px\" \/>.<\/p>\n<p>&nbsp;<\/p>\n<p>&nbsp;<\/p>\n<p>&nbsp;<\/p>\n<p style=\"text-align: center;\">\n","protected":false},"excerpt":{"rendered":"<p>ESTAMPACI\u00d3N DIGITAL Estampados Prato dispone de la tecnolog\u00eda m\u00e1s avanzada del mercado en estampaci\u00f3n digital. Estas m\u00e1quinas ofrecen la posibilidad de estampar, en anchos desde 140 hasta 330 cm., cualquier&#8230; <a href=\"http:\/\/estampadosprato.com\/?page_id=7\">Leer m\u00e1s &raquo;<\/a><\/p>\n","protected":false},"author":1,"featured_media":0,"parent":0,"menu_order":0,"comment_status":"closed","ping_status":"closed","template":"","meta":{"footnotes":""},"class_list":["post-7","page","type-page","status-publish","hentry"],"_links":{"self":[{"href":"http:\/\/estampadosprato.com\/index.php?rest_route=\/wp\/v2\/pages\/7","targetHints":{"allow":["GET"]}}],"collection":[{"href":"http:\/\/estampadosprato.com\/index.php?rest_route=\/wp\/v2\/pages"}],"about":[{"href":"http:\/\/estampadosprato.com\/index.php?rest_route=\/wp\/v2\/types\/page"}],"author":[{"embeddable":true,"href":"http:\/\/estampadosprato.com\/index.php?rest_route=\/wp\/v2\/users\/1"}],"replies":[{"embeddable":true,"href":"http:\/\/estampadosprato.com\/index.php?rest_route=%2Fwp%2Fv2%2Fcomments&post=7"}],"version-history":[{"count":18,"href":"http:\/\/estampadosprato.com\/index.php?rest_route=\/wp\/v2\/pages\/7\/revisions"}],"predecessor-version":[{"id":443,"href":"http:\/\/estampadosprato.com\/index.php?rest_route=\/wp\/v2\/pages\/7\/revisions\/443"}],"wp:attachment":[{"href":"http:\/\/estampadosprato.com\/index.php?rest_route=%2Fwp%2Fv2%2Fmedia&parent=7"}],"curies":[{"name":"wp","href":"https:\/\/api.w.org\/{rel}","templated":true}]}}